{"id":512,"date":"2021-03-03T07:01:16","date_gmt":"2021-03-03T07:01:16","guid":{"rendered":"https:\/\/finktattoo.ro\/index.php\/contact\/"},"modified":"2024-05-28T13:06:44","modified_gmt":"2024-05-28T13:06:44","slug":"ingrijire","status":"publish","type":"page","link":"https:\/\/finktattoo.ro\/index.php\/ingrijire\/","title":{"rendered":"\u00cengrijire"},"content":{"rendered":"\t\t<div data-elementor-type=\"wp-page\" data-elementor-id=\"512\" class=\"elementor elementor-512\">\n\t\t\t\t\t\t\t\t\t<section class=\"elementor-section elementor-top-section elementor-element elementor-element-541c585 elementor-section-boxed elementor-section-height-default elementor-section-height-default\" data-id=\"541c585\" data-element_type=\"section\" data-settings=\"{&quot;background_background&quot;:&quot;classic&quot;}\">\n\t\t\t\t\t\t<div class=\"elementor-container elementor-column-gap-no\">\n\t\t\t\t\t<div class=\"elementor-column elementor-col-100 elementor-top-column elementor-element elementor-element-bce406e\" data-id=\"bce406e\" data-element_type=\"column\">\n\t\t\t<div class=\"elementor-widget-wrap elementor-element-populated\">\n\t\t\t\t\t\t\t\t<div class=\"elementor-element elementor-element-eb72c4f elementor-widget elementor-widget-heading\" data-id=\"eb72c4f\" data-element_type=\"widget\" data-widget_type=\"heading.default\">\n\t\t\t\t<div class=\"elementor-widget-container\">\n\t\t\t<style>\/*! elementor - v3.17.0 - 08-11-2023 *\/\n.elementor-heading-title{padding:0;margin:0;line-height:1}.elementor-widget-heading .elementor-heading-title[class*=elementor-size-]>a{color:inherit;font-size:inherit;line-height:inherit}.elementor-widget-heading .elementor-heading-title.elementor-size-small{font-size:15px}.elementor-widget-heading .elementor-heading-title.elementor-size-medium{font-size:19px}.elementor-widget-heading .elementor-heading-title.elementor-size-large{font-size:29px}.elementor-widget-heading .elementor-heading-title.elementor-size-xl{font-size:39px}.elementor-widget-heading .elementor-heading-title.elementor-size-xxl{font-size:59px}<\/style><h1 class=\"elementor-heading-title elementor-size-default\">\u00cengrijire<\/h1>\t\t<\/div>\n\t\t\t\t<\/div>\n\t\t\t\t<div class=\"elementor-element elementor-element-64dccbc elementor-align-center elementor-widget elementor-widget-button\" data-id=\"64dccbc\" data-element_type=\"widget\" data-widget_type=\"button.default\">\n\t\t\t\t<div class=\"elementor-widget-container\">\n\t\t\t\t\t<div class=\"elementor-button-wrapper\">\n\t\t\t<a class=\"elementor-button elementor-button-link elementor-size-sm\" href=\"#bio\">\n\t\t\t\t\t\t<span class=\"elementor-button-content-wrapper\">\n\t\t\t\t\t\t<span class=\"elementor-button-text\">Fink tattoo<\/span>\n\t\t<\/span>\n\t\t\t\t\t<\/a>\n\t\t<\/div>\n\t\t\t\t<\/div>\n\t\t\t\t<\/div>\n\t\t\t\t<div class=\"elementor-element elementor-element-965418a elementor-align-center elementor-widget elementor-widget-button\" data-id=\"965418a\" data-element_type=\"widget\" data-widget_type=\"button.default\">\n\t\t\t\t<div class=\"elementor-widget-container\">\n\t\t\t\t\t<div class=\"elementor-button-wrapper\">\n\t\t\t<a class=\"elementor-button elementor-button-link elementor-size-sm\" href=\"#bio\">\n\t\t\t\t\t\t<span class=\"elementor-button-content-wrapper\">\n\t\t\t\t\t\t<span class=\"elementor-button-text\">...and you love it forever<\/span>\n\t\t<\/span>\n\t\t\t\t\t<\/a>\n\t\t<\/div>\n\t\t\t\t<\/div>\n\t\t\t\t<\/div>\n\t\t\t\t<div class=\"elementor-element elementor-element-8e18598 elementor-align-center elementor-widget elementor-widget-button\" data-id=\"8e18598\" data-element_type=\"widget\" data-widget_type=\"button.default\">\n\t\t\t\t<div class=\"elementor-widget-container\">\n\t\t\t\t\t<div class=\"elementor-button-wrapper\">\n\t\t\t<a class=\"elementor-button elementor-button-link elementor-size-lg\" href=\"https:\/\/www.instagram.com\/f.ink.tattoo\/\">\n\t\t\t\t\t\t<span class=\"elementor-button-content-wrapper\">\n\t\t\t\t\t\t<span class=\"elementor-button-icon elementor-align-icon-right\">\n\t\t\t\t<svg xmlns=\"http:\/\/www.w3.org\/2000\/svg\" viewBox=\"0 0 2048 2048\"><path d=\"M6.125 1088h1797.89l-402.976 403 89.994 90L2048 1024l-556.966-557-89.994 90 402.976 403H6.125v128z\"><\/path><\/svg>\t\t\t<\/span>\n\t\t\t\t\t\t<span class=\"elementor-button-text\">Programare<\/span>\n\t\t<\/span>\n\t\t\t\t\t<\/a>\n\t\t<\/div>\n\t\t\t\t<\/div>\n\t\t\t\t<\/div>\n\t\t\t\t\t<\/div>\n\t\t<\/div>\n\t\t\t\t\t\t\t<\/div>\n\t\t<\/section>\n\t\t\t\t<section class=\"elementor-section elementor-top-section elementor-element elementor-element-3f899f7 elementor-section-boxed elementor-section-height-default elementor-section-height-default\" data-id=\"3f899f7\" data-element_type=\"section\">\n\t\t\t\t\t\t<div class=\"elementor-container elementor-column-gap-default\">\n\t\t\t\t\t<div class=\"elementor-column elementor-col-100 elementor-top-column elementor-element elementor-element-5aa3ebf\" data-id=\"5aa3ebf\" data-element_type=\"column\">\n\t\t\t<div class=\"elementor-widget-wrap elementor-element-populated\">\n\t\t\t\t\t\t\t\t<div class=\"elementor-element elementor-element-a2fbed4 elementor-widget elementor-widget-heading\" data-id=\"a2fbed4\" data-element_type=\"widget\" data-widget_type=\"heading.default\">\n\t\t\t\t<div class=\"elementor-widget-container\">\n\t\t\t<h2 class=\"elementor-heading-title elementor-size-default\">\u00ceNGRIJIRE TATUAJ<\/h2>\t\t<\/div>\n\t\t\t\t<\/div>\n\t\t\t\t\t<\/div>\n\t\t<\/div>\n\t\t\t\t\t\t\t<\/div>\n\t\t<\/section>\n\t\t\t\t<section class=\"elementor-section elementor-top-section elementor-element elementor-element-e17dba1 elementor-section-boxed elementor-section-height-default elementor-section-height-default\" data-id=\"e17dba1\" data-element_type=\"section\" data-settings=\"{&quot;background_background&quot;:&quot;classic&quot;}\">\n\t\t\t\t\t\t<div class=\"elementor-container elementor-column-gap-default\">\n\t\t\t\t\t<div class=\"elementor-column elementor-col-100 elementor-top-column elementor-element elementor-element-0af44b7\" data-id=\"0af44b7\" data-element_type=\"column\">\n\t\t\t<div class=\"elementor-widget-wrap elementor-element-populated\">\n\t\t\t\t\t\t\t\t<div class=\"elementor-element elementor-element-b50463c elementor-widget elementor-widget-image\" data-id=\"b50463c\" data-element_type=\"widget\" data-widget_type=\"image.default\">\n\t\t\t\t<div class=\"elementor-widget-container\">\n\t\t\t<style>\/*! elementor - v3.17.0 - 08-11-2023 *\/\n.elementor-widget-image{text-align:center}.elementor-widget-image a{display:inline-block}.elementor-widget-image a img[src$=\".svg\"]{width:48px}.elementor-widget-image img{vertical-align:middle;display:inline-block}<\/style>\t\t\t\t\t\t\t\t\t\t\t\t\t<a href=\"https:\/\/finktattoo.ro\/wp-content\/uploads\/2024\/05\/Graficul-ingrijirii-tatuaje.jpg\" data-elementor-open-lightbox=\"yes\" data-elementor-lightbox-title=\"Graficul ingrijirii tatuaje\" data-e-action-hash=\"#elementor-action%3Aaction%3Dlightbox%26settings%3DeyJpZCI6MTAxNywidXJsIjoiaHR0cHM6XC9cL2Zpbmt0YXR0b28ucm9cL3dwLWNvbnRlbnRcL3VwbG9hZHNcLzIwMjRcLzA1XC9HcmFmaWN1bC1pbmdyaWppcmlpLXRhdHVhamUuanBnIn0%3D\">\n\t\t\t\t\t\t\t<picture><source srcset=\"https:\/\/finktattoo.ro\/wp-content\/uploads\/2024\/05\/Graficul-ingrijirii-tatuaje-724x1024.jpg 724w,https:\/\/finktattoo.ro\/wp-content\/uploads\/2024\/05\/Graficul-ingrijirii-tatuaje-212x300.avif 212w,https:\/\/finktattoo.ro\/wp-content\/uploads\/2024\/05\/Graficul-ingrijirii-tatuaje-768x1086.webp 768w,https:\/\/finktattoo.ro\/wp-content\/uploads\/2024\/05\/Graficul-ingrijirii-tatuaje-1086x1536.webp 1086w,https:\/\/finktattoo.ro\/wp-content\/uploads\/2024\/05\/Graficul-ingrijirii-tatuaje.avif 1414w\" sizes=\"auto, (max-width: 724px) 100vw, 724px\" type=\"image\/avif\"><source srcset=\"https:\/\/finktattoo.ro\/wp-content\/uploads\/2024\/05\/Graficul-ingrijirii-tatuaje-724x1024.jpg 724w,https:\/\/finktattoo.ro\/wp-content\/uploads\/2024\/05\/Graficul-ingrijirii-tatuaje-212x300.webp 212w,https:\/\/finktattoo.ro\/wp-content\/uploads\/2024\/05\/Graficul-ingrijirii-tatuaje-768x1086.webp 768w,https:\/\/finktattoo.ro\/wp-content\/uploads\/2024\/05\/Graficul-ingrijirii-tatuaje-1086x1536.webp 1086w,https:\/\/finktattoo.ro\/wp-content\/uploads\/2024\/05\/Graficul-ingrijirii-tatuaje.webp 1414w\" sizes=\"auto, (max-width: 724px) 100vw, 724px\" type=\"image\/webp\"><img src=\"https:\/\/finktattoo.ro\/wp-content\/uploads\/2024\/05\/Graficul-ingrijirii-tatuaje-724x1024.jpg\" height=\"1024\" width=\"724\" srcset=\"https:\/\/finktattoo.ro\/wp-content\/uploads\/2024\/05\/Graficul-ingrijirii-tatuaje-724x1024.jpg 724w, https:\/\/finktattoo.ro\/wp-content\/uploads\/2024\/05\/Graficul-ingrijirii-tatuaje-212x300.jpg 212w, https:\/\/finktattoo.ro\/wp-content\/uploads\/2024\/05\/Graficul-ingrijirii-tatuaje-768x1086.jpg 768w, https:\/\/finktattoo.ro\/wp-content\/uploads\/2024\/05\/Graficul-ingrijirii-tatuaje-1086x1536.jpg 1086w, https:\/\/finktattoo.ro\/wp-content\/uploads\/2024\/05\/Graficul-ingrijirii-tatuaje.jpg 1414w\" sizes=\"auto, (max-width: 724px) 100vw, 724px\" class=\"attachment-large size-large wp-image-1017 sp-no-webp\" alt=\"\" loading=\"lazy\" decoding=\"async\"  > <\/picture>\t\t\t\t\t\t\t\t<\/a>\n\t\t\t\t\t\t\t\t\t\t\t\t\t\t\t<\/div>\n\t\t\t\t<\/div>\n\t\t\t\t\t<\/div>\n\t\t<\/div>\n\t\t\t\t\t\t\t<\/div>\n\t\t<\/section>\n\t\t\t\t<section class=\"elementor-section elementor-top-section elementor-element elementor-element-7ea2eaf elementor-section-boxed elementor-section-height-default elementor-section-height-default\" data-id=\"7ea2eaf\" data-element_type=\"section\" data-settings=\"{&quot;background_background&quot;:&quot;classic&quot;}\">\n\t\t\t\t\t\t<div class=\"elementor-container elementor-column-gap-default\">\n\t\t\t\t\t<div class=\"elementor-column elementor-col-100 elementor-top-column elementor-element elementor-element-ce300a7\" data-id=\"ce300a7\" data-element_type=\"column\">\n\t\t\t<div class=\"elementor-widget-wrap elementor-element-populated\">\n\t\t\t\t\t\t\t\t<div class=\"elementor-element elementor-element-36b02b0 elementor-widget elementor-widget-heading\" data-id=\"36b02b0\" data-element_type=\"widget\" data-widget_type=\"heading.default\">\n\t\t\t\t<div class=\"elementor-widget-container\">\n\t\t\t<h2 class=\"elementor-heading-title elementor-size-default\">\u00ceNGRIJIRE PIERCE<\/h2>\t\t<\/div>\n\t\t\t\t<\/div>\n\t\t\t\t<div class=\"elementor-element elementor-element-23d7977 elementor-widget elementor-widget-image\" data-id=\"23d7977\" data-element_type=\"widget\" data-widget_type=\"image.default\">\n\t\t\t\t<div class=\"elementor-widget-container\">\n\t\t\t\t\t\t\t\t\t\t\t\t\t\t\t\t<a href=\"https:\/\/finktattoo.ro\/wp-content\/uploads\/2024\/05\/SchemaIngrijire.jpeg\" data-elementor-open-lightbox=\"yes\" data-elementor-lightbox-title=\"SchemaIngrijire\" data-e-action-hash=\"#elementor-action%3Aaction%3Dlightbox%26settings%3DeyJpZCI6MTAyOCwidXJsIjoiaHR0cHM6XC9cL2Zpbmt0YXR0b28ucm9cL3dwLWNvbnRlbnRcL3VwbG9hZHNcLzIwMjRcLzA1XC9TY2hlbWFJbmdyaWppcmUuanBlZyJ9\">\n\t\t\t\t\t\t\t<picture><source srcset=\"https:\/\/finktattoo.ro\/wp-content\/uploads\/2024\/05\/SchemaIngrijire-768x1086.webp 768w,https:\/\/finktattoo.ro\/wp-content\/uploads\/2024\/05\/SchemaIngrijire-212x300.avif 212w,https:\/\/finktattoo.ro\/wp-content\/uploads\/2024\/05\/SchemaIngrijire-724x1024.webp 724w,https:\/\/finktattoo.ro\/wp-content\/uploads\/2024\/05\/SchemaIngrijire-1086x1536.webp 1086w,https:\/\/finktattoo.ro\/wp-content\/uploads\/2024\/05\/SchemaIngrijire.webp 1414w\" sizes=\"auto, (max-width: 768px) 100vw, 768px\" type=\"image\/avif\"><source srcset=\"https:\/\/finktattoo.ro\/wp-content\/uploads\/2024\/05\/SchemaIngrijire-768x1086.webp 768w,https:\/\/finktattoo.ro\/wp-content\/uploads\/2024\/05\/SchemaIngrijire-212x300.webp 212w,https:\/\/finktattoo.ro\/wp-content\/uploads\/2024\/05\/SchemaIngrijire-724x1024.webp 724w,https:\/\/finktattoo.ro\/wp-content\/uploads\/2024\/05\/SchemaIngrijire-1086x1536.webp 1086w,https:\/\/finktattoo.ro\/wp-content\/uploads\/2024\/05\/SchemaIngrijire.webp 1414w\" sizes=\"auto, (max-width: 768px) 100vw, 768px\" type=\"image\/webp\"><img src=\"https:\/\/finktattoo.ro\/wp-content\/uploads\/2024\/05\/SchemaIngrijire-768x1086.jpeg\" height=\"1086\" width=\"768\" srcset=\"https:\/\/finktattoo.ro\/wp-content\/uploads\/2024\/05\/SchemaIngrijire-768x1086.jpeg 768w, https:\/\/finktattoo.ro\/wp-content\/uploads\/2024\/05\/SchemaIngrijire-212x300.jpeg 212w, https:\/\/finktattoo.ro\/wp-content\/uploads\/2024\/05\/SchemaIngrijire-724x1024.jpeg 724w, https:\/\/finktattoo.ro\/wp-content\/uploads\/2024\/05\/SchemaIngrijire-1086x1536.jpeg 1086w, https:\/\/finktattoo.ro\/wp-content\/uploads\/2024\/05\/SchemaIngrijire.jpeg 1414w\" sizes=\"auto, (max-width: 768px) 100vw, 768px\" class=\"attachment-medium_large size-medium_large wp-image-1028 sp-no-webp\" alt=\"\" loading=\"lazy\" decoding=\"async\"  > <\/picture>\t\t\t\t\t\t\t\t<\/a>\n\t\t\t\t\t\t\t\t\t\t\t\t\t\t\t<\/div>\n\t\t\t\t<\/div>\n\t\t\t\t\t<\/div>\n\t\t<\/div>\n\t\t\t\t\t\t\t<\/div>\n\t\t<\/section>\n\t\t\t\t\t\t\t<\/div>\n\t\t","protected":false},"excerpt":{"rendered":"<p>\u00cengrijire Fink tattoo &#8230;and you love it forever Programare \u00ceNGRIJIRE TATUAJ \u00ceNGRIJIRE PIERCE<\/p>\n","protected":false},"author":1,"featured_media":0,"parent":0,"menu_order":0,"comment_status":"closed","ping_status":"closed","template":"","meta":{"site-sidebar-layout":"no-sidebar","site-content-layout":"page-builder","ast-site-content-layout":"full-width-container","site-content-style":"unboxed","site-sidebar-style":"unboxed","ast-global-header-display":"","ast-banner-title-visibility":"","ast-main-header-display":"","ast-hfb-above-header-display":"","ast-hfb-below-header-display":"","ast-hfb-mobile-header-display":"","site-post-title":"disabled","ast-breadcrumbs-content":"disabled","ast-featured-img":"disabled","footer-sml-layout":"","theme-transparent-header-meta":"enabled","adv-header-id-meta":"","stick-header-meta":"","header-above-stick-meta":"","header-main-stick-meta":"","header-below-stick-meta":"","astra-migrate-meta-layouts":"set","ast-page-background-enabled":"default","ast-page-background-meta":{"desktop":{"background-color":"","background-image":"","background-repeat":"repeat","background-position":"center center","background-size":"auto","background-attachment":"scroll","background-type":"","background-media":"","overlay-type":"","overlay-color":"","overlay-gradient":""},"tablet":{"background-color":"","background-image":"","background-repeat":"repeat","background-position":"center center","background-size":"auto","background-attachment":"scroll","background-type":"","background-media":"","overlay-type":"","overlay-color":"","overlay-gradient":""},"mobile":{"background-color":"","background-image":"","background-repeat":"repeat","background-position":"center center","background-size":"auto","background-attachment":"scroll","background-type":"","background-media":"","overlay-type":"","overlay-color":"","overlay-gradient":""}},"ast-content-background-meta":{"desktop":{"background-color":"var(--ast-global-color-5)","background-image":"","background-repeat":"repeat","background-position":"center center","background-size":"auto","background-attachment":"scroll","background-type":"","background-media":"","overlay-type":"","overlay-color":"","overlay-gradient":""},"tablet":{"background-color":"var(--ast-global-color-5)","background-image":"","background-repeat":"repeat","background-position":"center center","background-size":"auto","background-attachment":"scroll","background-type":"","background-media":"","overlay-type":"","overlay-color":"","overlay-gradient":""},"mobile":{"background-color":"var(--ast-global-color-5)","background-image":"","background-repeat":"repeat","background-position":"center center","background-size":"auto","background-attachment":"scroll","background-type":"","background-media":"","overlay-type":"","overlay-color":"","overlay-gradient":""}},"footnotes":""},"class_list":["post-512","page","type-page","status-publish","hentry"],"yoast_head":"<!-- This site is optimized with the Yoast SEO plugin v22.0 - https:\/\/yoast.com\/wordpress\/plugins\/seo\/ -->\n<title>\u00cengrijire - Fink Tattoo<\/title>\n<meta name=\"robots\" content=\"index, follow, max-snippet:-1, max-image-preview:large, max-video-preview:-1\" \/>\n<link rel=\"canonical\" href=\"https:\/\/finktattoo.ro\/index.php\/ingrijire\/\" \/>\n<meta property=\"og:locale\" content=\"en_US\" \/>\n<meta property=\"og:type\" content=\"article\" \/>\n<meta property=\"og:title\" content=\"\u00cengrijire - Fink Tattoo\" \/>\n<meta property=\"og:description\" content=\"\u00cengrijire Fink tattoo &#8230;and you love it forever Programare \u00ceNGRIJIRE TATUAJ \u00ceNGRIJIRE PIERCE\" \/>\n<meta property=\"og:url\" content=\"https:\/\/finktattoo.ro\/index.php\/ingrijire\/\" \/>\n<meta property=\"og:site_name\" content=\"Fink Tattoo\" \/>\n<meta property=\"article:publisher\" content=\"https:\/\/www.facebook.com\/p\/FINK-tattoo-CLUJ-100041946129296\/\" \/>\n<meta property=\"article:modified_time\" content=\"2024-05-28T13:06:44+00:00\" \/>\n<meta property=\"og:image\" content=\"https:\/\/finktattoo.ro\/wp-content\/uploads\/2024\/05\/Graficul-ingrijirii-tatuaje-724x1024.jpg\" \/>\n<meta name=\"twitter:card\" content=\"summary_large_image\" \/>\n<meta name=\"twitter:label1\" content=\"Est. reading time\" \/>\n\t<meta name=\"twitter:data1\" content=\"1 minute\" \/>\n<script type=\"application\/ld+json\" class=\"yoast-schema-graph\">{\"@context\":\"https:\/\/schema.org\",\"@graph\":[{\"@type\":\"WebPage\",\"@id\":\"https:\/\/finktattoo.ro\/index.php\/ingrijire\/\",\"url\":\"https:\/\/finktattoo.ro\/index.php\/ingrijire\/\",\"name\":\"\u00cengrijire - Fink Tattoo\",\"isPartOf\":{\"@id\":\"https:\/\/finktattoo.ro\/#website\"},\"datePublished\":\"2021-03-03T07:01:16+00:00\",\"dateModified\":\"2024-05-28T13:06:44+00:00\",\"breadcrumb\":{\"@id\":\"https:\/\/finktattoo.ro\/index.php\/ingrijire\/#breadcrumb\"},\"inLanguage\":\"en-US\",\"potentialAction\":[{\"@type\":\"ReadAction\",\"target\":[\"https:\/\/finktattoo.ro\/index.php\/ingrijire\/\"]}]},{\"@type\":\"BreadcrumbList\",\"@id\":\"https:\/\/finktattoo.ro\/index.php\/ingrijire\/#breadcrumb\",\"itemListElement\":[{\"@type\":\"ListItem\",\"position\":1,\"name\":\"Home\",\"item\":\"https:\/\/finktattoo.ro\/\"},{\"@type\":\"ListItem\",\"position\":2,\"name\":\"\u00cengrijire\"}]},{\"@type\":\"WebSite\",\"@id\":\"https:\/\/finktattoo.ro\/#website\",\"url\":\"https:\/\/finktattoo.ro\/\",\"name\":\"Fink Tattoo\",\"description\":\"Fink Tattoo Cluj\",\"publisher\":{\"@id\":\"https:\/\/finktattoo.ro\/#organization\"},\"potentialAction\":[{\"@type\":\"SearchAction\",\"target\":{\"@type\":\"EntryPoint\",\"urlTemplate\":\"https:\/\/finktattoo.ro\/?s={search_term_string}\"},\"query-input\":\"required name=search_term_string\"}],\"inLanguage\":\"en-US\"},{\"@type\":\"Organization\",\"@id\":\"https:\/\/finktattoo.ro\/#organization\",\"name\":\"Fink Tattoo\",\"url\":\"https:\/\/finktattoo.ro\/\",\"logo\":{\"@type\":\"ImageObject\",\"inLanguage\":\"en-US\",\"@id\":\"https:\/\/finktattoo.ro\/#\/schema\/logo\/image\/\",\"url\":\"https:\/\/finktattoo.ro\/wp-content\/uploads\/2023\/09\/cropped-logo.png\",\"contentUrl\":\"https:\/\/finktattoo.ro\/wp-content\/uploads\/2023\/09\/cropped-logo.png\",\"width\":512,\"height\":512,\"caption\":\"Fink Tattoo\"},\"image\":{\"@id\":\"https:\/\/finktattoo.ro\/#\/schema\/logo\/image\/\"},\"sameAs\":[\"https:\/\/www.facebook.com\/p\/FINK-tattoo-CLUJ-100041946129296\/\",\"https:\/\/www.instagram.com\/f.ink.tattoo\/\"]}]}<\/script>\n<!-- \/ Yoast SEO plugin. -->","yoast_head_json":{"title":"\u00cengrijire - Fink Tattoo","robots":{"index":"index","follow":"follow","max-snippet":"max-snippet:-1","max-image-preview":"max-image-preview:large","max-video-preview":"max-video-preview:-1"},"canonical":"https:\/\/finktattoo.ro\/index.php\/ingrijire\/","og_locale":"en_US","og_type":"article","og_title":"\u00cengrijire - Fink Tattoo","og_description":"\u00cengrijire Fink tattoo &#8230;and you love it forever Programare \u00ceNGRIJIRE TATUAJ \u00ceNGRIJIRE PIERCE","og_url":"https:\/\/finktattoo.ro\/index.php\/ingrijire\/","og_site_name":"Fink Tattoo","article_publisher":"https:\/\/www.facebook.com\/p\/FINK-tattoo-CLUJ-100041946129296\/","article_modified_time":"2024-05-28T13:06:44+00:00","og_image":[{"url":"https:\/\/finktattoo.ro\/wp-content\/uploads\/2024\/05\/Graficul-ingrijirii-tatuaje-724x1024.jpg"}],"twitter_card":"summary_large_image","twitter_misc":{"Est. reading time":"1 minute"},"schema":{"@context":"https:\/\/schema.org","@graph":[{"@type":"WebPage","@id":"https:\/\/finktattoo.ro\/index.php\/ingrijire\/","url":"https:\/\/finktattoo.ro\/index.php\/ingrijire\/","name":"\u00cengrijire - Fink Tattoo","isPartOf":{"@id":"https:\/\/finktattoo.ro\/#website"},"datePublished":"2021-03-03T07:01:16+00:00","dateModified":"2024-05-28T13:06:44+00:00","breadcrumb":{"@id":"https:\/\/finktattoo.ro\/index.php\/ingrijire\/#breadcrumb"},"inLanguage":"en-US","potentialAction":[{"@type":"ReadAction","target":["https:\/\/finktattoo.ro\/index.php\/ingrijire\/"]}]},{"@type":"BreadcrumbList","@id":"https:\/\/finktattoo.ro\/index.php\/ingrijire\/#breadcrumb","itemListElement":[{"@type":"ListItem","position":1,"name":"Home","item":"https:\/\/finktattoo.ro\/"},{"@type":"ListItem","position":2,"name":"\u00cengrijire"}]},{"@type":"WebSite","@id":"https:\/\/finktattoo.ro\/#website","url":"https:\/\/finktattoo.ro\/","name":"Fink Tattoo","description":"Fink Tattoo Cluj","publisher":{"@id":"https:\/\/finktattoo.ro\/#organization"},"potentialAction":[{"@type":"SearchAction","target":{"@type":"EntryPoint","urlTemplate":"https:\/\/finktattoo.ro\/?s={search_term_string}"},"query-input":"required name=search_term_string"}],"inLanguage":"en-US"},{"@type":"Organization","@id":"https:\/\/finktattoo.ro\/#organization","name":"Fink Tattoo","url":"https:\/\/finktattoo.ro\/","logo":{"@type":"ImageObject","inLanguage":"en-US","@id":"https:\/\/finktattoo.ro\/#\/schema\/logo\/image\/","url":"https:\/\/finktattoo.ro\/wp-content\/uploads\/2023\/09\/cropped-logo.png","contentUrl":"https:\/\/finktattoo.ro\/wp-content\/uploads\/2023\/09\/cropped-logo.png","width":512,"height":512,"caption":"Fink Tattoo"},"image":{"@id":"https:\/\/finktattoo.ro\/#\/schema\/logo\/image\/"},"sameAs":["https:\/\/www.facebook.com\/p\/FINK-tattoo-CLUJ-100041946129296\/","https:\/\/www.instagram.com\/f.ink.tattoo\/"]}]}},"_links":{"self":[{"href":"https:\/\/finktattoo.ro\/index.php\/wp-json\/wp\/v2\/pages\/512","targetHints":{"allow":["GET"]}}],"collection":[{"href":"https:\/\/finktattoo.ro\/index.php\/wp-json\/wp\/v2\/pages"}],"about":[{"href":"https:\/\/finktattoo.ro\/index.php\/wp-json\/wp\/v2\/types\/page"}],"author":[{"embeddable":true,"href":"https:\/\/finktattoo.ro\/index.php\/wp-json\/wp\/v2\/users\/1"}],"replies":[{"embeddable":true,"href":"https:\/\/finktattoo.ro\/index.php\/wp-json\/wp\/v2\/comments?post=512"}],"version-history":[{"count":51,"href":"https:\/\/finktattoo.ro\/index.php\/wp-json\/wp\/v2\/pages\/512\/revisions"}],"predecessor-version":[{"id":1031,"href":"https:\/\/finktattoo.ro\/index.php\/wp-json\/wp\/v2\/pages\/512\/revisions\/1031"}],"wp:attachment":[{"href":"https:\/\/finktattoo.ro\/index.php\/wp-json\/wp\/v2\/media?parent=512"}],"curies":[{"name":"wp","href":"https:\/\/api.w.org\/{rel}","templated":true}]}}